*i + 94 + 99. What are the prime factors of i?
2, 3, 7
Let x(q) = q**3 - 5*q**2 + 4*q + 9. What are the prime factors of x(5)?
29
Let t = 13 + -14. Let v = t + 13. List the prime factors of v.
2, 3
Suppose 0*o = -4*o + 2*g + 406, 381 = 4*o + 3*g. What are the prime factors of o?
3, 11
Suppose -10 = -3*p - 1. Suppose 0 = p*v + v - 8. What are the prime factors of v?
2
Let s(w) = w**2 + 9*w + 9. Let l be s(-8). Suppose 4*m = l + 7. List the prime factors of m.
2
Let p = -32 - -65. What are the prime factors of p?
3, 11
Suppose -5*z = -5*y - 10 - 230, 0 = -3*z + 4*y + 146. What are the prime factors of z?
2, 23
Let d(w) = -w**2 + 4*w + 1. Let q be d(2). Suppose -q*u + 4*u + 6 = 0. What are the prime factors of u/3 - (-72)/4?
2, 5
Let t(i) = -i**3 + i**2 + 2*i. Let w be t(2). Suppose -4*g = -2*c, w = 2*c - 7*c + g. List the prime factors of -1 - (c + -10 - -2).
7
Let h = -4 - -48. List the prime factors of h.
2, 11
Let c = 19 + 59. What are the prime factors of c?
2, 3, 13
Suppose 4*n + 0*n = 24. Let a be ((-32)/(-12))/(2/n). Let z = a - -4. What are the prime factors of z?
2, 3
Let w(s) = s**3 + 5*s**2 + 4*s - 1. Suppose 0 = -3*q + a + 2*a, -6 = -q + 3*a. What are the prime factors of w(q)?
5
Let r(d) = -d**2 - 11*d + 6. Suppose -4*s - 7 = 29. What are the prime factors of r(s)?
2, 3
Let r be 4/((-76)/(-68) - 1). Let a = -13 + r. List the prime factors of a.
3, 7
Let r = -9 - -78. What are the prime factors of r?
3, 23
Let x(l) = -3*l - 6. Let u be x(-4). Let o = -4 + u. What are the prime factors of o?
2
Let o(a) = a**2 + 9*a + 4. Let h be o(-8). Let u = h + 8. List the prime factors of u.
2
Let s = 9 - 5. Suppose -s*r + 5*j = 107, 12 = -2*r + 5*j - 49. Let l = r + 34. What are the prime factors of l?
11
Let v = -132 + 210. List the prime factors of v.
2, 3, 13
Suppose 0*t - 5*r = t - 124, -5*t + 4*r + 649 = 0. List the prime factors of t.
3, 43
Let s(u) = 2 + 0 + u - 6 + 1. Let w be s(6). Suppose w*t = 13 + 8. List the prime factors of t.
7
Let p(l) = 76*l**2 - l. List the prime factors of p(-1).
7, 11
Suppose 4 = -3*f + 1. List the prime factors of (f/(-2))/((-3)/(-36)).
2, 3
Let x(n) = -2*n - 3. Let i be x(6). Let f = -10 - i. List the prime factors of f.
5
Let x(r) = -14*r**2 + 41*r + 21. Let a(m) = -5*m**2 + 14*m + 7. Let c(b) = 17*a(b) - 6*x(b). Let l be c(-5). Suppose 0 = p + p - l. List the prime factors of p.
2
Suppose -3*k + 1 = -2. Suppose 4*z - s + 12 = -0*z, 2*z = 4*s - 20. Let i = k - z. What are the prime factors of i?
3
Suppose 4*d - 22 = 2*n, 0 = -3*n - 3*d + 2 - 8. List the prime factors of 1/n + 588/15.
3, 13
Suppose -4*f + f = 276. Let b be 6/(-33) + f/(-22). Suppose 2*u - 18 = r + 4, b*u - 3*r = 42. List the prime factors of u.
2, 3
Let g = -2 - -2. Suppose g = -3*y - y + 192. What are the prime factors of y?
2, 3
Let n be (0 - -1) + (-2)/2. Suppose 3*m - m = n. Suppose 2*h + m*h = 16. List the prime factors of h.
2
Suppose -4*k + 15 = -5. Let d = k + -3. What are the prime factors of d?
2
Suppose -2*o = -4, -1 = r - o - 3. What are the prime factors of r?
2
Suppose -p = -3*p + 8. Suppose -3*d + 12 - 2 = -p*s, -5*s = -4*d + 12. List the prime factors of 5 - (-4 - d)/1.
7
Let a(d) = d**3 - 7*d**2 + d - 9. Let s be a(7). Let z be s/9 - 29/(-9). Suppose 0 = -z*w + 5*m + 4, 2*m - 27 - 21 = -5*w. What are the prime factors of w?
2
Suppose -4*w - 5*j + 400 = 0, -2*w + 4*j = j - 200. What are the prime factors of w?
2, 5
Suppose 0*d = -d. Suppose d = 5*j + 4*q - 24, 6 = -4*q - 10. List the prime factors of 48/4*j/6.
2
Suppose 43 = z - 1. What are the prime factors of z?
2, 11
Let i(k) = 2 - k + k + 2*k. What are the prime factors of i(7)?
2
What are the prime factors of 22 - ((-2)/1)/1?
2, 3
Suppose 2*p + 6*a - 77 = 3*a, -5 = -5*a. What are the prime factors of p?
37
Let z(t) = t**2 - 4*t - 3. Let c be z(5). Suppose -c*s + 76 = 4*x, -2*x + 82 = 2*x + 5*s. What are the prime factors of x?
2, 3
Suppose 0 = -5*n - 0*n + 380. List the prime factors of n.
2, 19
Suppose 5*y = 3*h - 31, -y - y - 16 = -3*h. Suppose -3*u + u + 25 = n, 0 = 5*u + h*n - 63. What are the prime factors of u?
13
What are the prime factors of -5*5/(20/(-28)) - -4?
3, 13
Let r(p) = p**3 + 7*p**2 + 3*p + 3. Let j be r(-6). Let y = j + -1. List the prime factors of y.
2, 5
Let x(s) = -s - 3. Let y be x(-5). Suppose 14 + 6 = y*l. What are the prime factors of l?
2, 5
List the prime factors of 2 + -1 + (-434)/(-7).
3, 7
Let o(x) be the third derivative of 1/12*x**4 + 0 - 3*x**2 + 0*x - 1/3*x**3. What are the prime factors of o(7)?
2, 3
Suppose g + 3*m = 2*m - 3, 3*m + 17 = g. Suppose 2*w = -g*l + 3 + 11, 45 = 5*l + 3*w. List the prime factors of l.
2, 3
Let t be 2 + -3 - (0 - 1). Suppose t*x = 4*x - 68. What are the prime factors of x?
17
Let i be 3/(-6) + (-11)/(-2). Suppose 0*b - 5 = 4*s + b, i*b = -s + 13. List the prime factors of 5/s*36/(-10).
3
Let q be 10/3 - 5/15. Suppose -14 - 2 = -2*l - 2*v, 0 = l + q*v - 18. Suppose -o + l*o - 28 = 0. List the prime factors of o.
2, 7
Let u = -445 + 823. List the prime factors of u.
2, 3, 7
Let p(z) = -5*z - 1. Let u(x) = 6*x + 2. Let o(k) = -3*p(k) - 2*u(k). Let c(f) = -3*f + 1. Let t be c(-1). List the prime factors of o(t).
11
Let t(a) = a**2 - a + 1. Let f(v) = v**2 + 3*v + 7. Let g(j) = f(j) - 2*t(j). Suppose 0*w + 4*w - 20 = 0. What are the prime factors of g(w)?
5
Let k = -39 + 19. Let u = -3 - k. List the prime factors of u.
17
Let d(t) = 6*t**2 + 2*t + 3. List the prime factors of d(-3).
3, 17
Suppose 3*o = -2*s - 3*s + 662, -5*s = 2*o - 443. List the prime factors of o.
3, 73
Let k(b) = -b - 2. Suppose -2*z + 12 = -5*z. Let d be k(z). Suppose -33 = -d*l - 0*t - t, 0 = 4*l + t - 71. List the prime factors of l.
19
Suppose -4*m - 558 = -13*m. What are the prime factors of m?
2, 31
Suppose 0 = 2*p - 4*p + 4. Suppose p*m = 55 - 11. What are the prime factors of m?
2, 11
Let r be (1 + 4)/((-1)/3). Let z = -36 - -11. Let t = r - z. What are the prime factors of t?
2, 5
Let u = 30 - -36. Let m = u - 43. List the prime factors of m.
23
Let n(m) = 2*m**3 + 3*m**2 - m + 7. List the prime factors of n(3).
5, 17
Let m = 116 - 62. List the prime factors of m.
2, 3
Let p be ((-45)/2)/((-1)/2). Suppose 4*l = 4*r - 16, 10 = 5*r + 5*l - 0*l. Suppose 0 = -2*v - r*v + p. List the prime factors of v.
3
Suppose 0*g + 5*g = 420. What are the prime factors of g?
2, 3, 7
Suppose -2*v + 0 = -2. Suppose 5*c = -t + v, -c + 13 = t - 2*c. Suppose 3*z + t - 44 = 0. List the prime factors of z.
11
Let p = 9 + -27. Let w = 2 - p. List the prime factors of w.
2, 5
Suppose 0 = 5*f - n - 2319 + 749, f = -5*n + 288. What are the prime factors of f?
313
Let p = 324 + 73. What are the prime factors of p?
397
Let y(f) = -f - 8. Let t be y(-6). Let w = t - -11. List the prime factors of w.
3
Let k(n) = -n**3 + 5*n**2 - 3*n + 3. Let c be k(4). Let v = c + -3. Suppose -v*r = r - 80. List the prime factors of r.
2
Suppose o + i - 22 = -0*i, -2*o - i + 40 = 0. Suppose -3*l + o = -3. Suppose -3*n = -3*c - 39, -n + 0*c - 2*c = -l. What are the prime factors of n?
11
Suppose -9*v = -5*v - 788. List the prime factors of v.
197
Let d(r) = -r**3 - 2*r**2 + 3*r + 5. What are the prime factors of d(-3)?
5
Let t(r) be the second derivative of r**5/20 - 5*r**4/12 - r**3 + 3*r**2 - 2*r. Suppose 4*q - 21 = 3. What are the prime factors of t(q)?
2, 3
Let w = 13 + -12. Let a = 9 - w. List the prime factors of a.
2
Suppose 174 = h + 15. What are the prime factors of h?
3, 53
Let n = 5 + -1. Suppose -2*b - 2*h + 4 = 2*b, -n*h = -3*b + 25. Suppose b*w = -10 + 34. What are the prime factors of w?
2
Let b(f) = f**3 + 5*f**2 - 2*f + 1. Let p be b(-6). Let n = -75 + 108. Let v = p + n. List the prime factors of v.
2, 5
Suppose -2*v - 21 = a, 3*a + 3*v + 99 = -a. Let u(c) = -9*c**3 + 2*c**2 - 1. Let k be u(1). List the prime factors of a/(-12) - 6/k.
3
Let r = 3 + 1. Suppose -4*p = 5*b - 36, r*b - 13 = p - 1. What are the prime factors of b?
2
Let l = -34 + 100. Suppose d + 2*d - l = 0. What are the prime factors of d?
2, 11
Let o = 2 - 1. What are the prime factors of (o - -1 - 0)*7?
2, 7
What are the prime factors of 5/(15/57)*4?
2, 19
Suppose 8*k - 5*k - 96 = 0. What are the prime factors of k?
2
Let p = 3 - -5. Suppose 2*t + p = 3*f - 21, -t + 10 = 2*f. List the prime fa